nder when 15 is divided by 15.
0
What is the remainder when 1983 is divided by 126?
93
What is the remainder when 453 is divided by 35?
33
Calculate the remainder when 58 is divided by 6.
4
Calculate the remainder when 253 is divided by 16.
13
Calculate the remainder when 997 is divided by 50.
47
What is the remainder when 39 is divided by 22?
17
Calculate the remainder when 186 is divided by 44.
10
Calculate the remainder when 7103 is divided by 19.
16
Calculate the remainder when 107 is divided by 16.
11
Calculate the remainder when 667 is divided by 217.
16
Calculate the remainder when 124 is divided by 34.
22
Calculate the remainder when 327 is divided by 75.
27
What is the remainder when 286 is divided by 55?
11
What is the remainder when 651 is divided by 150?
51
Calculate the remainder when 29 is divided by 10.
9
Calculate the remainder when 1896 is divided by 324.
276
Calculate the remainder when 1833 is divided by 76.
9
Calculate the remainder when 551 is divided by 37.
33
Calculate the remainder when 5979 is divided by 260.
259
Calculate the remainder when 3592 is divided by 6.
4
What is the remainder when 810 is divided by 5?
0
Calculate the remainder when 55 is divided by 36.
19
Calculate the remainder when 225 is divided by 47.
37
What is the remainder when 1003 is divided by 126?
121
What is the remainder when 3453 is divided by 33?
21
Calculate the remainder when 45443 is divided by 42.
41
Calculate the remainder when 4274 is divided by 47.
44
What is the remainder when 76 is divided by 22?
10
What is the remainder when 2498 is divided by 823?
29
What is the remainder when 259 is divided by 19?
12
Calculate the remainder when 119 is divided by 24.
23
Calculate the remainder when 2286 is divided by 84.
18
What is the remainder when 24959 is divided by 156?
155
Calculate the remainder when 1200 is divided by 396.
12
What is the remainder when 53 is divided by 18?
17
What is the remainder when 17 is divided by 8?
1
Calculate the remainder when 139 is divided by 7.
6
What is the remainder when 12 is divided by 2?
0
Calculate the remainder when 1213 is divided by 33.
25
What is the remainder when 1988 is divided by 117?
116
Calculate the remainder when 480 is divided by 13.
12
What is the remainder when 1050 is divided by 250?
50
What is the remainder when 4906 is divided by 24?
10
What is the remainder when 5247 is divided by 1308?
15
Calculate the remainder when 583 is divided by 39.
37
What is the remainder when 1294 is divided by 118?
114
What is the remainder when 3770 is divided by 135?
125
Calculate the remainder when 5484 is divided by 1825.
9
What is the remainder when 59 is divided by 19?
2
Calculate the remainder when 74 is divided by 5.
4
Calculate the remainder when 5761 is divided by 17.
15
Calculate the remainder when 67 is divided by 33.
1
What is the remainder when 452 is divided by 443?
9
Calculate the remainder when 1207 is divided by 321.
244
What is the remainder when 347 is divided by 70?
67
What is the remainder when 2323 is divided by 470?
443
Calculate the remainder when 573 is divided by 36.
33
What is the remainder when 216 is divided by 20?
16
What is the remainder when 362 is divided by 124?
114
Calculate the remainder when 73 is divided by 25.
23
Calculate the remainder when 700 is divided by 699.
1
Calculate the remainder when 221 is divided by 32.
29
Calculate the remainder when 3653 is divided by 17.
15
What is the remainder when 123 is divided by 26?
19
What is the remainder when 15 is divided by 8?
7
Calculate the remainder when 20 is divided by 13.
7
What is the remainder when 508 is divided by 273?
235
Calculate the remainder when 28 is divided by 27.
1
What is the remainder when 1118 is divided by 103?
88
Calculate the remainder when 125 is divided by 42.
41
Calculate the remainder when 39 is divided by 17.
5
What is the remainder when 219 is divided by 57?
48
What is the remainder when 194 is divided by 175?
19
Calculate the remainder when 1007 is divided by 202.
199
What is the remainder when 2074 is divided by 86?
10
Calculate the remainder when 660 is divided by 99.
66
What is the remainder when 17303 is divided by 28?
27
What is the remainder when 200 is divided by 111?
89
Calculate the remainder when 162 is divided by 31.
7
Calculate the remainder when 272 is divided by 59.
36
What is the remainder when 3907 is divided by 22?
13
What is the remainder when 252 is divided by 66?
54
What is the remainder when 1354 is divided by 14?
10
Calculate the remainder when 125 is divided by 9.
8
Calculate the remainder when 295 is divided by 79.
58
Calculate the remainder when 3019 is divided by 28.
23
Calculate the remainder when 40918 is divided by 12.
10
What is the remainder when 64 is divided by 1?
0
Calculate the remainder when 253 is divided by 51.
49
Calculate the remainder when 364 is divided by 98.
70
What is the remainder when 85 is divided by 27?
4
Calculate the remainder when 448 is divided by 41.
38
Calculate the remainder when 2320 is divided by 28.
24
What is the remainder when 487 is divided by 143?
58
What is the remainder when 1157 is divided by 85?
52
What is the remainder when 1308 is divided by 10?
8
What is the remainder when 67 is divided by 22?
1
What is the remainder when 160 is divided by 27?
25
What is the remainder when 941 is divided by 88?
61
Calculate the remainder when 781 is divided by 14.
11
What is the remainder when 168 is divided by 88?
80
Calculate the remainder when 133 is divided by 15.
13
What is the remainder when 25721 is divided by 236?
233
Calculate the remainder when 273 is divided by 16.
1
Calculate the remainder when 796 is divided by 3.
1
Calculate the remainder when 339 is divided by 100.
39
Calculate the remainder when 478 is divided by 161.
156
Calculate the remainder when 213 is divided by 43.
41
What is the remainder when 93 is divided by 85?
8
What is the remainder when 251 is divided by 112?
27
What is the remainder when 14 is divided by 2?
0
Calculate the remainder when 187 is divided by 48.
43
What is the remainder when 122 is divided by 5?
2
Calculate the remainder when 114 is divided by 66.
48
Calculate the remainder when 45 is divided by 14.
3
Calculate the remainder when 42 is divided by 15.
12
What is the remainder when 4 is divided by 2?
0
Calculate the remainder when 409 is divided by 197.
15
Calculate the remainder when 335 is divided by 70.
55
What is the remainder when 1188 is divided by 41?
40
Calculate the remainder when 395 is divided by 44.
43
Calculate the remainder when 842 is divided by 115.
37
What is the remainder when 336 is divided by 26?
24
Calculate the remainder when 2559 is divided by 21.
18
Calculate the remainder when 557 is divided by 70.
67
What is the remainder when 11465 is divided by 13?
12
What is the remainder when 8853 is divided by 385?
383
What is the remainder when 1000 is divided by 68?
48
What is the remainder when 132 is divided by 62?
8
Calculate the remainder when 91 is divided by 8.
3
Calculate the remainder when 46 is divided by 16.
14
Calculate the remainder when 697 is divided by 28.
25
What is the remainder when 32 is divided by 21?
11
Calculate the remainder when 6096 is divided by 381.
0
What is the remainder when 187 is divided by 9?
7
What is the remainder when 95 is divided by 16?
15
What is the remainder when 271 is divided by 139?
132
What is the remainder when 8531 is divided by 36?
35
Calculate the remainder when 1044 is divided by 19.
18
What is the remainder when 3311 is divided by 8?
7
Calculate the remainder when 374 is divided by 111.
41
What is the remainder when 13256 is divided by 60?
56
Calculate the remainder when 5046 is divided by 49.
48
What is the remainder when 103 is divided by 64?
39
Calculate the remainder when 160 is divided by 18.
16
What is the remainder when 202 is divided by 47?
14
What is the remainder when 246 is divided by 34?
8
What is the remainder when 2866 is divided by 476?
10
What is the remainder when 221 is divided by 9?
5
What is the remainder when 248 is divided by 25?
23
Calculate the remainder when 172 is divided by 18.
10
What is the remainder when 556 is divided by 137?
8
What is the remainder when 186 is divided by 9?
6
Calculate the remainder 